{"version":"1.0","provider_name":"Vintage Bazaar.hu","provider_url":"https:\/\/vintagebazaar.cafeblog.hu","author_name":"VintageBazaar.hu","author_url":"https:\/\/vintagebazaar.cafeblog.hu\/author\/vintagebazaar_hu\/","title":"Berezelt\u00fcnk!","html":"Van egy \u00e9jjeliszekr\u00e9ny\u00fcnk, amit raktunk jobbra, raktunk balra, de eredeti \u00e1llapot\u00e1ban\u00a0nek\u00fcnk nagyon poros. A form\u00e1ja helyes, mert a szekr\u00e9nyes r\u00e9sz mellett lekerek\u00edtett polcai is vannak. <span style=\"color: #ff00ff\"><a style=\"color: #ff00ff\" href=\"https:\/\/www.facebook.com\/pentarttermekek?fref=ts\">Pentart term\u00e9kekkel<\/a><\/span> Gabi fel\u00faj\u00edtotta. Haszn\u00e1lt hozz\u00e1 alapoz\u00f3t (szint\u00e9n Pentart), \u00e9s a leg\u00fajabb Dekor Paint Soft\u00a0fest\u00e9ket, ami kit\u0171n\u0151 koptatott antikol\u00e1shoz. Sz\u00ednekben zuzm\u00f3 z\u00f6ldre esett a v\u00e1laszt\u00e1s. Hallottatok m\u00e1r a foly\u00e9kony f\u00e9m fest\u00e9kr\u0151l? Szint\u00e9n Pentart gy\u00e1rt\u00e1s\u00fa \u00e9s ragyog\u00f3 sz\u00edne van, megn\u00e9zt\u00fck hogy m\u0171k\u00f6dik b\u00fatoron. T\u00f6bb sz\u00edn is van: arany, ez\u00fcst, bronz, antik arany, mi a rezet haszn\u00e1ltuk. Csillog\u00f3s, f\u00e9mes hat\u00e1sa a b\u00fatoron is sz\u00e9pen kij\u00f6n, olyan mintha f\u00e9mp\u00e1ntok lenn\u00e9nek rajta. N\u00e9zz\u00e9tek meg az \u00e1talakul\u00e1st!\r\n\r\nKezdet:\r\n<p style=\"text-align: center\"><a href=\"https:\/\/vintagebazaar.cafeblog.hu\/files\/2014\/11\/20141021_200854.jpg\"><img class=\"alignnone size-large wp-image-5510354\" src=\"https:\/\/vintagebazaar.cafeblog.hu\/files\/2014\/11\/20141021_200854-360x600.jpg\" alt=\"20141021_200854\" width=\"360\" height=\"600\" \/><\/a><\/p>\r\n<p style=\"text-align: center\"><a href=\"https:\/\/vintagebazaar.cafeblog.hu\/files\/2014\/11\/20141021_201708.jpg\"><img class=\"alignnone size-large wp-image-5510355\" src=\"https:\/\/vintagebazaar.cafeblog.hu\/files\/2014\/11\/20141021_201708-360x600.jpg\" alt=\"20141021_201708\" width=\"360\" height=\"600\" \/><\/a><\/p>\r\n<p style=\"text-align: center\">Alapoz\u00e1s ut\u00e1n:<\/p>\r\n<p style=\"text-align: center\"><a href=\"https:\/\/vintagebazaar.cafeblog.hu\/files\/2014\/11\/20141023_2020361.jpg\"><img class=\"alignnone size-large wp-image-5510357\" src=\"https:\/\/vintagebazaar.cafeblog.hu\/files\/2014\/11\/20141023_2020361-360x600.jpg\" alt=\"20141023_202036\" width=\"360\" height=\"600\" \/><\/a><\/p>\r\n<p style=\"text-align: center\">Els\u0151\u00a0r\u00e9teg\u00a0zuzm\u00f3 z\u00f6ld fest\u00e9se ut\u00e1n fatapasszal jav\u00edt\u00e1s, majd csiszol\u00e1s.<\/p>\r\n<p style=\"text-align: center\">\u00a0<a href=\"https:\/\/vintagebazaar.cafeblog.hu\/files\/2014\/11\/20141027_1617491.jpg\"><img class=\"alignnone size-large wp-image-5510359\" src=\"https:\/\/vintagebazaar.cafeblog.hu\/files\/2014\/11\/20141027_1617491-360x600.jpg\" alt=\"20141027_161749\" width=\"360\" height=\"600\" \/><\/a><\/p>\r\nFoly\u00e9kony f\u00e9m fest\u00e9k, r\u00e9z sz\u00edn\u0171: old\u00f3szeres fest\u00e9k, sz\u00e9pen fed\u0151. 2015 \u00e9v sz\u00edne a r\u00e9z narancs.\r\n\r\n<a href=\"https:\/\/vintagebazaar.cafeblog.hu\/files\/2014\/11\/20141111_110724.jpg\"><img class=\"size-large wp-image-5510361 aligncenter\" src=\"https:\/\/vintagebazaar.cafeblog.hu\/files\/2014\/11\/20141114_1118271-360x600.jpg\" alt=\"20141114_111827\" width=\"360\" height=\"600\" \/><\/a>\r\n\r\n&nbsp;\r\n\r\n<a href=\"https:\/\/vintagebazaar.cafeblog.hu\/files\/2014\/11\/20141111_110724.jpg\"><img class=\"size-large wp-image-5510353 aligncenter\" src=\"https:\/\/vintagebazaar.cafeblog.hu\/files\/2014\/11\/20141111_110724-600x360.jpg\" alt=\"20141111_110724\" width=\"600\" height=\"360\" \/><\/a>\r\n\r\n&nbsp;\r\n\r\n<a href=\"https:\/\/vintagebazaar.cafeblog.hu\/files\/2014\/11\/20141111_1108131.jpg\"><img class=\"size-large wp-image-5510363 aligncenter\" src=\"https:\/\/vintagebazaar.cafeblog.hu\/files\/2014\/11\/20141111_1108131-360x600.jpg\" alt=\"20141111_110813\" width=\"360\" height=\"600\" \/><\/a>\r\n\r\nMegn\u00e9zt\u00fck milyen t\u00e1ny\u00e9ron. Nagyon \u00fct\u0151s. Ebb\u0151l enni nem lehet \u00edgy, de \u00e9kszereknek, kulcsoknak kiv\u00e1l\u00f3.\r\n\r\n<a href=\"https:\/\/vintagebazaar.cafeblog.hu\/files\/2014\/11\/20141019_142710.jpg\"><img class=\"size-large wp-image-5510364 aligncenter\" src=\"https:\/\/vintagebazaar.cafeblog.hu\/files\/2014\/11\/20141019_142710-399x600.jpg\" alt=\"20141019_142710\" width=\"399\" height=\"600\" \/><\/a>\r\n\r\n&nbsp;\r\n\r\nV\u00e9geredm\u00e9ny:\r\n\r\n&nbsp;\r\n<p style=\"text-align: center\"><a href=\"https:\/\/vintagebazaar.cafeblog.hu\/files\/2014\/11\/20141121_125442.jpg\"><img class=\"alignnone size-large wp-image-5510367\" src=\"https:\/\/vintagebazaar.cafeblog.hu\/files\/2014\/11\/20141121_125442-545x600.jpg\" alt=\"20141121_125442\" width=\"545\" height=\"600\" \/><\/a><\/p>\r\n<p style=\"text-align: center\"><a href=\"https:\/\/vintagebazaar.cafeblog.hu\/files\/2014\/11\/20141121_125852.jpg\"><img class=\"alignnone size-large wp-image-5510368\" src=\"https:\/\/vintagebazaar.cafeblog.hu\/files\/2014\/11\/20141121_125852-399x600.jpg\" alt=\"20141121_125852\" width=\"399\" height=\"600\" \/><\/a><\/p>\r\n<p style=\"text-align: center\"><a href=\"https:\/\/vintagebazaar.cafeblog.hu\/files\/2014\/11\/20141121_125610.jpg\"><img class=\"alignnone size-large wp-image-5510369\" src=\"https:\/\/vintagebazaar.cafeblog.hu\/files\/2014\/11\/20141121_125610-600x402.jpg\" alt=\"20141121_125610\" width=\"600\" height=\"402\" \/><\/a><\/p>\r\n<p style=\"text-align: left\">Ez a b\u00fator elad\u00f3, az \u00e1ra: 25.000 Ft. Ha szeretn\u00e9d, akkor vedd fel vel\u00fcnk a kapcsolatot: info@vintagebazaar.hu<\/p>\r\n<p style=\"text-align: left\">A sz\u00fcks\u00e9ges fest\u00e9k mennyis\u00e9gek:\u00a0A Pentart 230 ml-es alapoz\u00f3b\u00f3l 3\/4, Pentart 230 ml-es zuzm\u00f3 z\u00f6ld 1,5 flakon (2 r\u00e9tegre el\u00e9g), a Pentart 230 ml-es vizes b\u00e1zis\u00fa matt lakkb\u00f3l 1\/2 flakon (el\u00e9g egy r\u00e9teg).<\/p>\r\n<p style=\"text-align: left\">Kar\u00e1csonyi aj\u00e1nd\u00e9knak adj Apacuka ker\u00e1mia k\u00e9sz\u00edt\u0151 workshopot, m\u00e1r a <span style=\"color: #ff00ff\"><a style=\"color: #ff00ff\" href=\"https:\/\/www.facebook.com\/pages\/Vintage-bazaarhu\/116388491803174?sk=events&amp;key=events\">2015-\u00f6s workshop id\u0151pontok<\/a><\/span> el\u00e9rhet\u0151ek!<\/p>","type":"rich"}

Berezeltünk!

Van egy éjjeliszekrényünk, amit raktunk jobbra, raktunk balra, de eredeti állapotában nekünk nagyon poros. A formája helyes, mert a szekrényes rész mellett lekerekített polcai is vannak. <span style="color: #ff00ff"><a style="color: #ff00ff" href="https://www.facebook.com/pentarttermekek?fref=ts">Pentart termékekkel</a></span> Gabi felújította. Használt hozzá alapozót (szintén Pentart), és a legújabb Dekor Paint Soft festéket, ami kitűnő koptatott antikoláshoz. Színekben zuzmó zöldre esett a választás. Hallottatok már a folyékony fém festékről? Szintén Pentart gyártású és ragyogó színe van, megnéztük hogy működik bútoron. Több szín is van: arany, ezüst, bronz, antik arany, mi a rezet használtuk. Csillogós, fémes hatása a bútoron is szépen kijön, olyan mintha fémpántok lennének rajta. Nézzétek meg az átalakulást!

Kezdet:
<p style="text-align: center"><a href="https://vintagebazaar.cafeblog.hu/files/2014/11/20141021_200854.jpg"><img class="alignnone size-large wp-image-5510354" src="https://vintagebazaar.cafeblog.hu/files/2014/11/20141021_200854-360x600.jpg" alt="20141021_200854" width="360" height="600" /></a></p>
<p style="text-align: center"><a href="https://vintagebazaar.cafeblog.hu/files/2014/11/20141021_201708.jpg"><img class="alignnone size-large wp-image-5510355" src="https://vintagebazaar.cafeblog.hu/files/2014/11/20141021_201708-360x600.jpg" alt="20141021_201708" width="360" height="600" /></a></p>
<p style="text-align: center">Alapozás után:</p>
<p style="text-align: center"><a href="https://vintagebazaar.cafeblog.hu/files/2014/11/20141023_2020361.jpg"><img class="alignnone size-large wp-image-5510357" src="https://vintagebazaar.cafeblog.hu/files/2014/11/20141023_2020361-360x600.jpg" alt="20141023_202036" width="360" height="600" /></a></p>
<p style="text-align: center">Első réteg zuzmó zöld festése után fatapasszal javítás, majd csiszolás.</p>
<p style="text-align: center"> <a href="https://vintagebazaar.cafeblog.hu/files/2014/11/20141027_1617491.jpg"><img class="alignnone size-large wp-image-5510359" src="https://vintagebazaar.cafeblog.hu/files/2014/11/20141027_1617491-360x600.jpg" alt="20141027_161749" width="360" height="600" /></a></p>
Folyékony fém festék, réz színű: oldószeres festék, szépen fedő. 2015 év színe a réz narancs.

<a href="https://vintagebazaar.cafeblog.hu/files/2014/11/20141111_110724.jpg"><img class="size-large wp-image-5510361 aligncenter" src="https://vintagebazaar.cafeblog.hu/files/2014/11/20141114_1118271-360x600.jpg" alt="20141114_111827" width="360" height="600" /></a>

&nbsp;

<a href="https://vintagebazaar.cafeblog.hu/files/2014/11/20141111_110724.jpg"><img class="size-large wp-image-5510353 aligncenter" src="https://vintagebazaar.cafeblog.hu/files/2014/11/20141111_110724-600x360.jpg" alt="20141111_110724" width="600" height="360" /></a>

&nbsp;

<a href="https://vintagebazaar.cafeblog.hu/files/2014/11/20141111_1108131.jpg"><img class="size-large wp-image-5510363 aligncenter" src="https://vintagebazaar.cafeblog.hu/files/2014/11/20141111_1108131-360x600.jpg" alt="20141111_110813" width="360" height="600" /></a>

Megnéztük milyen tányéron. Nagyon ütős. Ebből enni nem lehet így, de ékszereknek, kulcsoknak kiváló.

<a href="https://vintagebazaar.cafeblog.hu/files/2014/11/20141019_142710.jpg"><img class="size-large wp-image-5510364 aligncenter" src="https://vintagebazaar.cafeblog.hu/files/2014/11/20141019_142710-399x600.jpg" alt="20141019_142710" width="399" height="600" /></a>

&nbsp;

Végeredmény:

&nbsp;
<p style="text-align: center"><a href="https://vintagebazaar.cafeblog.hu/files/2014/11/20141121_125442.jpg"><img class="alignnone size-large wp-image-5510367" src="https://vintagebazaar.cafeblog.hu/files/2014/11/20141121_125442-545x600.jpg" alt="20141121_125442" width="545" height="600" /></a></p>
<p style="text-align: center"><a href="https://vintagebazaar.cafeblog.hu/files/2014/11/20141121_125852.jpg"><img class="alignnone size-large wp-image-5510368" src="https://vintagebazaar.cafeblog.hu/files/2014/11/20141121_125852-399x600.jpg" alt="20141121_125852" width="399" height="600" /></a></p>
<p style="text-align: center"><a href="https://vintagebazaar.cafeblog.hu/files/2014/11/20141121_125610.jpg"><img class="alignnone size-large wp-image-5510369" src="https://vintagebazaar.cafeblog.hu/files/2014/11/20141121_125610-600x402.jpg" alt="20141121_125610" width="600" height="402" /></a></p>
<p style="text-align: left">Ez a bútor eladó, az ára: 25.000 Ft. Ha szeretnéd, akkor vedd fel velünk a kapcsolatot: info@vintagebazaar.hu</p>
<p style="text-align: left">A szükséges festék mennyiségek: A Pentart 230 ml-es alapozóból 3/4, Pentart 230 ml-es zuzmó zöld 1,5 flakon (2 rétegre elég), a Pentart 230 ml-es vizes bázisú matt lakkból 1/2 flakon (elég egy réteg).</p>
<p style="text-align: left">Karácsonyi ajándéknak adj Apacuka kerámia készítő workshopot, már a <span style="color: #ff00ff"><a style="color: #ff00ff" href="https://www.facebook.com/pages/Vintage-bazaarhu/116388491803174?sk=events&amp;key=events">2015-ös workshop időpontok</a></span> elérhetőek!</p>
